alse
Is 48253803 a multiple of 3723?
True
Is 7376606 a multiple of 46?
True
Is 26 a factor of 1818074296?
False
Does 7 divide 137508310?
False
Is 821963617 a multiple of 29?
True
Is 15 a factor of 91743705?
True
Is 968 a factor of 13281928?
True
Is 6008 a factor of 1820868592?
True
Does 54 divide 724840?
False
Does 101 divide 679963613?
True
Is 478914435 a multiple of 129?
True
Does 533 divide 507705952?
True
Is 569 a factor of 20495395?
False
Is 820 a factor of 341028980?
True
Is 23 a factor of 2515873201?
False
Is 172832013 a multiple of 181?
True
Does 845 divide 289803735?
True
Does 43 divide 380505563?
False
Is 126920698 a multiple of 1696?
False
Does 1177 divide 98754526?
False
Does 46 divide 355789701?
False
Does 27 divide 270184077?
False
Is 3448770102 a multiple of 57?
False
Is 10 a factor of 724131270?
True
Is 7773 a factor of 581863461?
True
Is 737 a factor of 221988589?
False
Is 262498170 even?
True
Is 467408867 a multiple of 11?
False
Is 35 a factor of 12910192?
False
Is 9 a factor of 100760389?
False
Does 25 divide 2119040221?
False
Is 922 a factor of 20151390?
False
Is 520386437 a multiple of 127?
True
Is 340 a factor of 65970880?
True
Is 45538896 a multiple of 49?
False
Is 27243183 a multiple of 11?
True
Is 3028 a factor of 106099774?
False
Does 1850 divide 811199100?
True
Does 21 divide 550257036?
True
Does 694 divide 36302713?
False
Is 3235342 a multiple of 11?
True
Does 26 divide 902434?
True
Does 27 divide 1904885235?
True
Is 451 a factor of 763672437?
True
Does 11 divide 16571987?
False
Does 10 divide 20072130?
True
Is 254 a factor of 83491832?
True
Is 14981589 a multiple of 5391?
True
Does 6 divide 51716528?
False
Is 3 a factor of 4754114?
False
Is 997 a factor of 900085009?
False
Is 4172165849 a multiple of 19?
False
Is 739 a factor of 1619743460?
False
Is 41644065 a multiple of 161?
False
Does 21 divide 8546664?
True
Does 132 divide 6477768?
True
Is 21975795 a multiple of 129?
True
Does 4 divide 9876568?
True
Is 6 a factor of 7419876?
True
Is 163 a factor of 34138720?
True
Is 206 a factor of 4721520?
True
Is 967821668 a multiple of 2123?
False
Is 123 a factor of 49712845?
False
Is 19 a factor of 47425482?
True
Is 763401625 a multiple of 875?
True
Does 84 divide 174087480?
True
Is 233 a factor of 310439414?
True
Is 3936908736 a multiple of 496?
True
Is 691151319 a multiple of 445?
False
Does 215 divide 863152228?
False
Does 222 divide 79936172?
False
Does 440 divide 22817080?
True
Is 25837648 a multiple of 684?
False
Is 2770718 a multiple of 23?
True
Is 18668731 a multiple of 30?
False
Is 45105184 a multiple of 16?
True
Is 16 a factor of 1340517616?
True
Is 73020252 a multiple of 93?
True
Is 223984078 a multiple of 17?
True
Does 14 divide 51013522?
True
Is 1846 a factor of 60218366?
True
Is 642 a factor of 69133613?
False
Is 29 a factor of 19813954?
False
Does 5 divide 8392976?
False
Is 135 a factor of 57036778?
False
Is 1200682177 a multiple of 375?
False
Is 160 a factor of 1969920?
True
Is 281864088 a multiple of 9?
True
Is 112 a factor of 701597808?
False
Is 131885895 a multiple of 1519?
False
Is 362048447 a multiple of 33?
False
Is 315479126 a multiple of 31?
True
Is 930 a factor of 269244300?
True
Is 61 a factor of 2215236716?
True
Is 145314786 a multiple of 338?
False
Is 74949058 a multiple of 541?
True
Is 19527666 a multiple of 478?
False
Is 3460 a factor of 494136440?
True
Is 1127101530 a multiple of 102?
True
Is 270419904 a multiple of 972?
False
Does 107 divide 212395203?
False
Does 92 divide 1421460536?
True
Is 4380776 a multiple of 10?
False
Is 2231 a factor of 683504777?
True
Does 7 divide 489649538?
True
Does 49 divide 71657930?
False
Is 3050 a factor of 173497885?
False
Is 110410496 a multiple of 224?
True
Is 3 a factor of 1596957?
True
Is 7 a factor of 16321302?
False
Does 36 divide 2228934168?
True
Does 111 divide 5587857?
False
Is 9793899 a multiple of 140?
False
Is 5339 a factor of 398940758?
True
Is 1843624923 a multiple of 12998?
False
Is 721 a factor of 4626045?
False
Is 459687799 a multiple of 51?
False
Is 820426249 a multiple of 171?
False
Is 5271752 a multiple of 591?
False
Is 2441101 a multiple of 14?
False
Is 124346729 a multiple of 10?
False
Does 1002 divide 122350212?
True
Is 7286 a factor of 999981642?
True
Is 2011055468 a multiple of 14?
False
Does 177 divide 1360044813?
True
Is 14 a factor of 464364768?
True
Is 273608896 a multiple of 212?
True
Is 1394 a factor of 13726718?
True
Is 793 a factor of 65108472?
True
Is 1860444309 a multiple of 69?
True
Is 34073789 a multiple of 89?
False
Does 125 divide 70573625?
True
Is 270572813 a multiple of 12?
False
Is 147 a factor of 904521576?
True
Is 1120 a factor of 295570240?
True
Is 40 a factor of 5524186?
False
Does 41 divide 96058818?
True
Is 4859 a factor of 2413685624?
False
Does 183 divide 19229731?
False
Is 197000712 a multiple of 522?
True
Is 14 a factor of 30066008?
True
Is 3645669 a multiple of 1437?
True
Is 1865 a factor of 385918577?
False
Is 45220978 a multiple of 67?
False
Does 3068 divide 515736274?
False
Is 97 a factor of 7168054?
False
Does 280 divide 1364188938?
False
Does 26 divide 908824560?
False
Does 30 divide 2140718160?
True
Is 12861828 a multiple of 742?
True
Is 205 a factor of 1374558620?
True
Does 22 divide 24603084?
True
Does 1077 divide 29294801?
False
Is 971472 a multiple of 100?
False
Does 194 divide 1536728780?
False
Is 31 a factor of 247872497?
True
Is 109 a factor of 318257546?
True
Is 16811079 a multiple of 18?
False
Is 2 a factor of 32440644?
True
Is 505 a factor of 16705754?
False
Does 7 divide 485789262?
True
Is 6 a factor of 366067710?
True
Is 71110760 a multiple of 355?
True
Is 755792070 a multiple of 285?
True
Is 7 a factor of 422902571?
True
Is 124797605 a multiple of 33?
False
Is 10 a factor of 74051130?
True
Is 11 a factor of 60676?
True
Does 8 divide 70913978?
False
Is 10660706 a multiple of 96?
False
Does 3 divide 4157691?
True
Is 4 a factor of 6155192?
True
Is 2101 a factor of 44803221?
False
Is 193799651 a multiple of 6?
False
Is 51576034 a multiple of 146?
False
Is 23553540 a multiple of 12?
True
Is 89 a factor of 1761073396?
False
Is 3 a factor of 20809521?
True
Is 472 a factor of 124659920?
True
Is 8390564 a multiple of 49?
True
Does 41 divide 58440596?
False
Is 686068185 a multiple of 363?
True
Is 510660994 a multiple of 34?
True
Is 154343854 a multiple of 230?
False
Is 20 a factor of 2547473317?
False
Is 2811815022 a multiple of 33?
False
Is 199358983 a multiple of 17?
True
Is 23170368 a multiple of 192?
True
Is 99170109 a multiple of 67?
False
Does 132 divide 31265349?
False
Does 8 divide 41771593?
False
Does 260 divide 8756815?
False
Is 110370755 a multiple of 55?
True
Is 11 a factor of 2511664507?
True
Is 142 a factor of 21006365?
False
Does 13 divide 221806117?
True
Is 17439279 a multiple of 639?
False
Is 546 a factor of 2265606?
False
Is 158 a factor of 427423338?
True
Does 15 divide 5975180?
False
Does 26 divide 949294034?
True
Is 10304071 a multiple of 579?
False
Does 318 divide 875531915?
False
Is 15 a factor of 359724418?
False
Is 6374983 a multiple of 193?
True
Is 10286784 a multiple of 27?
True
Is 15416154 a multiple of 44?
False
Does 2499 divide 52543651?
False
Is 112448914 a multiple of 1139?
True
Does 2689 divide 1464566496?
False
Does 120 divide 2979602?
False
Is 57875325 a multiple of 149?
True
Is 25 a factor of 438026075?
True
Is 55005134 a multiple of 9?
False
Is 385 a factor of 3098095656?
False
Is 4967710 a multiple of 22?
True
Is 6 a factor of 74221813?
False
Is 5 a factor of 78349280?
True
Is 1092811715 a multiple of 530?
False
Is 17661260 a multiple of 5?
True
Is 14 a factor of 174365348?
False
Is 507 a factor of 1334969063?
False
Is 260 a factor of 203366385?
False
Is 237740764 a multiple of 35?
False
Does 1297 divide 24089449?
False
Does 86 divide 27552766?
True
Is 16 a factor of 40767473?
False
Is 23684531 a multiple of 20?
False
Is 273 a factor of 11219754?
True
Does 17 divide 208485799?
False
Does 356 divide 156880300?
True
Is 14656684 a multiple of 98?
True
Does 11 divide 95061454?
False
Is 19560516 a multiple of 268?
True
Is 118453004 a multiple of 4?
True
Is 234 a factor of 570224304?
True
Is 105 a factor of 9960363?
False
Is 4527622 a multiple of 115?
False
Does 